58?
5
What is the hundred thousands digit of 100597664?
5
What is the units digit of 146132335?
5
What is the hundred thousands digit of 191886502?
8
What is the hundreds digit of 543646197?
1
What is the hundred thousands digit of 9574654?
5
What is the hundred millions digit of 267380038?
2
What is the units digit of 2568912541?
1
What is the hundred thousands digit of 455550171?
5
What is the hundred thousands digit of 121859710?
8
What is the units digit of 2903938891?
1
What is the hundreds digit of 1552707793?
7
What is the hundred thousands digit of 119606974?
6
What is the hundred millions digit of 362992987?
3
What is the hundred millions digit of 131244236?
1
What is the tens digit of 1961227974?
7
What is the hundreds digit of 483171683?
6
What is the hundreds digit of 26282082?
0
What is the ten millions digit of 428023621?
2
What is the hundred millions digit of 836760853?
8
What is the millions digit of 1512474697?
2
What is the hundreds digit of 60765264?
2
What is the hundred thousands digit of 278511089?
5
What is the thousands digit of 8422910?
2
What is the tens digit of 134192490?
9
What is the hundred thousands digit of 212122365?
1
What is the ten millions digit of 3204119433?
0
What is the hundred thousands digit of 38555871?
5
What is the ten thousands digit of 3078456084?
5
What is the tens digit of 79247160?
6
What is the hundred millions digit of 2295042179?
2
What is the ten millions digit of 878041385?
7
What is the hundred thousands digit of 65136674?
1
What is the tens digit of 973077732?
3
What is the hundred thousands digit of 457538483?
5
What is the tens digit of 696348021?
2
What is the tens digit of 23497283?
8
What is the units digit of 596726873?
3
What is the hundreds digit of 19600889?
8
What is the thousands digit of 794717446?
7
What is the ten millions digit of 2878957199?
7
What is the ten thousands digit of 163709105?
0
What is the hundred millions digit of 360440199?
3
What is the millions digit of 27864118?
7
What is the billions digit of 4106803417?
4
What is the tens digit of 576853055?
5
What is the ten millions digit of 30832781?
3
What is the hundred thousands digit of 335029331?
0
What is the hundred thousands digit of 928497633?
4
What is the tens digit of 4659725577?
7
What is the hundreds digit of 85907685?
6
What is the millions digit of 42249464?
2
What is the ten thousands digit of 2176532251?
3
What is the hundred millions digit of 1488803084?
4
What is the hundreds digit of 24605126?
1
What is the units digit of 816263623?
3
What is the ten thousands digit of 725031729?
3
What is the hundred millions digit of 2571162558?
5
What is the hundred millions digit of 1199679563?
1
What is the ten thousands digit of 342940781?
4
What is the tens digit of 85537489?
8
What is the millions digit of 5827481?
5
What is the thousands digit of 1613964?
3
What is the hundreds digit of 178139152?
1
What is the millions digit of 3495327552?
5
What is the thousands digit of 398732949?
2
What is the units digit of 1958901532?
2
What is the ten thousands digit of 117839806?
3
What is the thousands digit of 40720805?
0
What is the ten millions digit of 28051807?
2
What is the thousands digit of 1309246530?
6
What is the ten thousands digit of 98579449?
7
What is the tens digit of 1540535473?
7
What is the ten millions digit of 109707117?
0
What is the ten millions digit of 52638884?
5
What is the tens digit of 68048194?
9
What is the millions digit of 7321340?
7
What is the hundred millions digit of 595184097?
5
What is the hundreds digit of 209300475?
4
What is the hundred thousands digit of 611907130?
9
What is the thousands digit of 128642817?
2
What is the units digit of 126785386?
6
What is the units digit of 6427507?
7
What is the hundreds digit of 6330499729?
7
What is the tens digit of 2328485165?
6
What is the ten millions digit of 160325130?
6
What is the ten thousands digit of 3961518270?
1
What is the hundred millions digit of 305626663?
3
What is the millions digit of 96575268?
6
What is the ten thousands digit of 183731069?
3
What is the hundred millions digit of 109212514?
1
What is the ten thousands digit of 319050074?
5
What is the ten thousands digit of 49209214?
0
What is the millions digit of 317539081?
7
What is the millions digit of 66520594?
6
What is the ten millions digit of 4326780853?
2
What is the hundreds digit of 2092886295?
2
What is the thousands digit of 4055996608?
6
What is the hundred millions digit of 267580206?
2
What is the hundred millions digit of 4443418874?
4
What is the units digit of 769675190?
0
What is the hundreds digit of 52445745?
7
What is the ten millions digit of 239055829?
3
What is the ten thousands digit of 3190355735?
5
What is the millions digit of 158726781?
8
What is the thousands digit of 92033963?
3
What is the ten thousands digit of 204311877?
1
What is the thousands digit of 4706021615?
1
What is the tens digit of 837467304?
0
What is the tens digit of 4366319030?
3
What is the ten millions digit of 19723871?
1
What is the hundreds digit of 106056799?
7
What is the tens digit of 147393405?
0
What is the hundred millions digit of 2735620821?
7
What is the hundred thousands digit of 119367543?
3
What is the thousands digit of 602730223?
0
What is the hundred millions digit of 101188770?
1
What is the tens digit of 503255437?
3
What is the ten thousands digit of 662688523?
8
What is the ten thousands digit of 3923337843?
3
What is the ten thousands digit of 726044047?
4
What is the hundred millions digit of 274370270?
2
What is the tens digit of 40438143?
4
What is the hundreds digit of 2088274542?
5
What is the ten millions digit of 12618532?
1
What is the hundred millions digit of 2860576456?
8
What is the hundreds digit of 154619733?
7
What is the hundreds digit of 114729092?
0
What is the tens digit of 56587130?
3
What is the hundreds digit of 597321551?
5
What is the thousands digit of 121717283?
7
What is the tens digit of 962505848?
4
What is the ten millions digit of 31217807?
3
What is the hundreds digit of 523314392?
3
What is the ten thousands digit of 107166460?
6
What is the hundred thousands digit of 286521575?
5
What is the hundreds digit of 173766777?
7
What is the tens digit of 1408964?
6
What is the ten thousands digit of 2955586193?
8
What is the thousands digit of 587636412?
6
What is the millions digit of 6693442?
6
What is the hundreds digit of 64199660?
6
What is the hundred thousands digit of 177357150?
3
What is the thousands digit of 611677086?
7
What is the thousands digit of 690385357?
5
What is the hundreds digit of 15476261?
2
What is the millions digit of 3857138523?
7
What is the ten millions digit of 97481511?
9
What is the tens digit of 480389391?
9
What is the ten thousands digit of 186153066?
5
What is the tens digit of 12892097?
9
What is the hundreds digit of 66246866?
8
What is the thousands digit of 919878464?
8
What is the ten thousands digit of 6271835?
7
What is the ten millions digit of 14812233?
1
What is the tens digit of 117486407?
0
What is the units digit of 324554111?
1
What is the units digit of 34087795?
5
What is the ten thousands digit of 1440598002?
9
What is the ten thousands digit of 16863030?
6
What is the ten thousands digit of 14840155?
4
What is the thousands digit of 263446009?
6
What is the units digit of 2006839637?
7
What is the ten millions digit of 61965297?
6
What is the hundreds digit of 225839289?
2
What is the units digit of 955812292?
2
What is the thousands digit of 1042369062?
9
What is the ten thousands digit of 1059628467?
2
What is the hundred thousands digit of 40900852?
9
What is the units digit of 2307656?
6
What is the tens digit of 1843818750?
5
What is the tens digit of 48157972?
7
What is the hundred thousands digit of 1816995950?
9
What is the units digit of 1395700251?
1
What is the tens digit of 2482043117?
1
What is the ten thousands digit of 218266353?
6
What is the millions digit of 69786408?
9
What is the hundreds digit of 32677214?
2
What is the tens digit of 1570781416?
1
What is the ten millions digit of 83133402?
8
What is the ten millions digit of 298748385?
9
What is the units digit of 87128240?
0
What is the tens digit of 429372?
7
What is the